{"id":81,"date":"2020-10-28T13:13:35","date_gmt":"2020-10-28T13:13:35","guid":{"rendered":"https:\/\/www2.leparapente.ch\/index.php\/hestia-front\/"},"modified":"2021-02-05T17:29:20","modified_gmt":"2021-02-05T16:29:20","slug":"hestia-front","status":"publish","type":"page","link":"https:\/\/leparapente.ch\/","title":{"rendered":"02-Page \u00e0 Propos"},"content":{"rendered":"<h3 style=\"text-align: center;\">Voler seul\u2026 ou en biplace\u2026 avec un instructeur !<strong><br \/>\n<\/strong><\/h3>\n<p style=\"text-align: center;\">dans le Jura et Jura bernois, de Del\u00e9mont \u00e0 Bo\u00e9court, Court,<br \/>\nMoutier, Montmelon, Mervelier, Tavannes, St-Ursanne,\u2026.<\/p>\n<h3 style=\"text-align: center;\">un magnifique moyen de<br \/>\ns\u2019\u00e9vader de la routine quotidienne\u2026<\/h3>\n<p style=\"text-align: center;\">Si tu as envie de faire un vol en duo et <a href=\"http:\/\/www.youtube.com\/watch?v=apZsSgHpnjc\" target=\"_blank\" rel=\"noopener noreferrer\"><span style=\"color: #ff6600;\">diff\u00e9remment qu\u2019ici <\/span>\ud83d\ude09<\/a>, viens avec nous !<\/p>\n","protected":false},"excerpt":{"rendered":"<p>Voler seul\u2026 ou en biplace\u2026 avec un instructeur ! dans le Jura et Jura bernois, de Del\u00e9mont \u00e0 Bo\u00e9court, Court, Moutier, Montmelon, Mervelier, Tavannes, St-Ursanne,\u2026. un magnifique moyen de s\u2019\u00e9vader de la routine quotidienne\u2026 Si tu as envie de faire un vol en duo et diff\u00e9remment qu\u2019ici \ud83d\ude09, viens avec [&hellip;]<\/p>\n","protected":false},"author":1,"featured_media":0,"parent":0,"menu_order":0,"comment_status":"closed","ping_status":"closed","template":"","meta":{"footnotes":""},"class_list":["post-81","page","type-page","status-publish","hentry"],"_links":{"self":[{"href":"https:\/\/leparapente.ch\/index.php\/wp-json\/wp\/v2\/pages\/81","targetHints":{"allow":["GET"]}}],"collection":[{"href":"https:\/\/leparapente.ch\/index.php\/wp-json\/wp\/v2\/pages"}],"about":[{"href":"https:\/\/leparapente.ch\/index.php\/wp-json\/wp\/v2\/types\/page"}],"author":[{"embeddable":true,"href":"https:\/\/leparapente.ch\/index.php\/wp-json\/wp\/v2\/users\/1"}],"replies":[{"embeddable":true,"href":"https:\/\/leparapente.ch\/index.php\/wp-json\/wp\/v2\/comments?post=81"}],"version-history":[{"count":18,"href":"https:\/\/leparapente.ch\/index.php\/wp-json\/wp\/v2\/pages\/81\/revisions"}],"predecessor-version":[{"id":754,"href":"https:\/\/leparapente.ch\/index.php\/wp-json\/wp\/v2\/pages\/81\/revisions\/754"}],"wp:attachment":[{"href":"https:\/\/leparapente.ch\/index.php\/wp-json\/wp\/v2\/media?parent=81"}],"curies":[{"name":"wp","href":"https:\/\/api.w.org\/{rel}","templated":true}]}}

02-Page à Propos

<h3 style="text-align: center;">Voler seul… ou en biplace… avec un instructeur !<strong><br />
</strong></h3>
<p style="text-align: center;">dans le Jura et Jura bernois, de Delémont à Boécourt, Court,<br />
Moutier, Montmelon, Mervelier, Tavannes, St-Ursanne,….</p>
<h3 style="text-align: center;">un magnifique moyen de<br />
s’évader de la routine quotidienne…</h3>
<p style="text-align: center;">Si tu as envie de faire un vol en duo et <a href="http://www.youtube.com/watch?v=apZsSgHpnjc" target="_blank" rel="noopener noreferrer"><span style="color: #ff6600;">différemment qu’ici </span>😉</a>, viens avec nous !</p>

<p>Voler seul… ou en biplace… avec un instructeur ! dans le Jura et Jura bernois, de Delémont à Boécourt, Court, Moutier, Montmelon, Mervelier, Tavannes, St-Ursanne,…. un magnifique moyen de s’évader de la routine quotidienne… Si tu as envie de faire un vol en duo et différemment qu’ici 😉, viens avec [&hellip;]</p>
